2528*c**2 - 144096*c - 6. What is y(-57)?
-6
Let v(z) = 1108*z**2 + 2060*z - 300. Determine v(-2).
12
Let h(z) = 4007*z - 96188. Calculate h(24).
-20
Let c(b) = -2*b**2 - 16*b + 78. Calculate c(-13).
-52
Let w(t) = -10*t**3 + 100*t**2 - 135*t + 397. Determine w(9).
-8
Let p(z) = -z**3 + 22*z**2 - 43*z + 354. Calculate p(17).
1068
Let d(r) = r**3 - 259*r**2 - 23426*r - 1388. Calculate d(330).
-68
Let n(l) = 3*l**2 - 15693*l - 62795. Calculate n(-4).
25
Let o(h) = 10*h**2 + 44*h + 231. Determine o(-4).
215
Let l(v) = -4*v**2 + 1037*v - 38035. Give l(215).
20
Let h(a) = 4717*a - 27985. Give h(6).
317
Let v(b) = 4*b**2 - 3004*b - 30459. Give v(-10).
-19
Let f(a) = a**3 - 2*a**2 - 138*a + 43. Determine f(14).
463
Let n(k) = -k**3 + 106*k**2 - 2650*k - 4834. Calculate n(62).
2
Let k(o) = 233*o**2 - 4416*o + 8826. Determine k(2).
926
Let t(a) = 13*a**3 + 23*a**2 - 28*a + 12. Calculate t(-3).
-48
Let o(k) = -5318*k - 15999. Calculate o(-3).
-45
Let z(r) = -12*r**2 - 20*r - 37. Give z(3).
-205
Let c(r) = 18848*r + 188818. What is c(-10)?
338
Let s(k) = -2*k**3 - 60*k**2 + 2901*k + 74121. What is s(-23)?
-8
Let q(r) = -11*r**3 - 2*r**2 + 213*r + 394. Give q(-2).
48
Let b(r) = 18*r**3 - 1852*r**2 - 211*r + 514. Give b(103).
-1
Let c(w) = 14249*w + 85464. Calculate c(-6).
-30
Let t(c) = c**2 - 628*c - 12973. Determine t(-20).
-13
Let f(j) = -j**3 - 230*j**2 + 2148*j + 84. Calculate f(-239).
801
Let x(g) = -2*g**3 + 191*g**2 + 57*g + 2954. What is x(96)?
-790
Let r(l) = -3108*l - 205234. What is r(-66)?
-106
Let h(f) = 9*f**2 + 244*f - 4. Calculate h(-28).
220
Let s(c) = -151*c - 13794. Give s(-90).
-204
Let b(i) = -571*i - 690. What is b(-3)?
1023
Let u(f) = -13039*f**2 + 3533570*f - 275. What is u(271)?
-4
Let n(j) = 143*j**2 + 7854*j + 23549. Determine n(-3).
1274
Let g(p) = 150*p**2 - 1361*p + 1300. Determine g(8).
12
Let s(f) = f**2 + 1552*f - 26567. Give s(17).
106
Let s(d) = d**3 + 24*d**2 + 67*d - 394. What is s(-19)?
138
Let k(p) = -2285*p**2 - 15978*p + 123. Give k(-7).
4
Let z(x) = -107098*x - 214276. Give z(-2).
-80
Let a(p) = 852*p**2 + 800*p - 1597. Give a(2).
3411
Let m(p) = 2*p**3 - 228*p**2 - 220*p - 126. Determine m(115).
1024
Let b(q) = 8*q**2 - 47*q - 107. What is b(4)?
-167
Let v(h) = -h**3 + 2*h**2 - 2756*h + 16520. Calculate v(6).
-160
Let k(i) = 3*i**2 - 353*i + 10079. Calculate k(64).
-225
Let d(r) = -r**2 - 3950*r - 144746. What is d(-37)?
35
Let w(g) = -19*g**2 - 31*g - 200. What is w(-11)?
-2158
Let t(p) = -p**2 + 59*p - 449. Give t(8).
-41
Let q(u) = 222*u**2 - 6261*u + 1261. Give q(28).
1
Let v(d) = d**3 + 60*d**2 + 420*d + 31. What is v(-8)?
-1
Let t(u) = 8*u**3 - 3*u**2 + 54*u - 170. Determine t(3).
181
Let i(p) = -3363*p - 406956. Determine i(-121).
-33
Let q(i) = 2*i**2 - 373*i + 1100. What is q(3)?
-1
Let j(b) = 602*b - 199581. What is j(331)?
-319
Let g(u) = -u**3 + 7*u**2 + 5*u - 37. Calculate g(13).
-986
Let r(v) = -33*v**3 + 21*v**2 - 57*v - 271. Calculate r(-4).
2405
Let n(j) = -1910*j - 95511. Determine n(-50).
-11
Let x(j) = j**3 - 256*j**2 + 5160*j - 262. What is x(22)?
2
Let r(x) = -41*x**2 + 265*x - 657. Calculate r(6).
-543
Let f(y) = 1662*y**2 + 257611*y + 87. Give f(-155).
-68
Let i(r) = -4875*r - 170622. Calculate i(-35).
3
Let d(l) = -22284*l - 22997. Determine d(-1).
-713
Let w(y) = 2296*y - 71211. Determine w(31).
-35
Let c(y) = -y**3 - 163*y**2 - 6360*y - 471. What is c(-64)?
1065
Let k(v) = 459143*v - 3214010. What is k(7)?
-9
Let l(c) = c**3 + 106*c**2 + 2627*c + 6087. What is l(-34)?
1
Let l(u) = -1465*u + 65916. Give l(45).
-9
Let h(w) = -305753*w + 4280558. Determine h(14).
16
Let c(b) = 1962*b + 64743. Give c(-33).
-3
Let b(s) = -3*s**2 - 239*s + 257. Give b(-81).
-67
Let c(r) = 457*r**2 - 163*r + 21. What is c(1)?
315
Let a(b) = -64*b + 5166. Determine a(79).
110
Let t(d) = -2*d**3 - 455*d**2 - 365*d - 31302. Calculate t(-227).
24
Let t(a) = 6458*a - 45157. What is t(7)?
49
Let k(f) = -1693*f + 424949. Calculate k(251).
6
Let h(v) = 1338901*v - 6694542. Calculate h(5).
-37
Let s(m) = -15*m**3 + 53*m**2 + 25*m - 17. Give s(4).
-29
Let v(d) = 19012*d - 285211. Determine v(15).
-31
Let q(n) = 397*n + 15576. Calculate q(-39).
93
Let l(b) = 104628*b + 59010192. Calculate l(-564).
0
Let b(t) = -29850*t + 1402966. Calculate b(47).
16
Let g(t) = 78926*t - 315712. Determine g(4).
-8
Let y(t) = -3712*t - 55738. Calculate y(-15).
-58
Let m(f) = 3*f**2 - 168*f - 14553. What is m(103)?
-30
Let m(g) = -17*g**3 + 83*g**2 + 449*g - 203. What is m(8)?
-3
Let x(c) = 2*c**3 + 614*c**2 - 143*c - 42918. Determine x(-307).
983
Let w(l) = -161450*l + 1453020. Determine w(9).
-30
Let d(i) = -16*i**3 - 19*i**2 - 17*i - 7. Determine d(4).
-1403
Let b(m) = -7250*m - 41108. Give b(-5).
-4858
Let a(y) = 2518*y + 211331. Give a(-84).
-181
Let a(x) = 4*x**2 + 449*x - 901. Give a(0).
-901
Let f(c) = -c**3 - 117*c**2 - 646*c + 1838. Calculate f(-111).
-382
Let r(y) = -31*y**2 + 310*y - 734. Give r(7).
-83
Let y(m) = 2*m**3 + 195*m**2 - 87*m + 1116. Give y(-98).
38
Let y(v) = -904*v - 63833. Calculate y(-69).
-1457
Let u(m) = -3*m**2 + 35*m + 1589. Determine u(-16).
261
Let l(z) = 31477*z - 314768. Determine l(10).
2
Let w(i) = -116599*i - 932643. Give w(-8).
149
Let o(t) = 5856*t - 8951. Give o(2).
2761
Let z(p) = 3*p**3 - 170*p**2 + 1180*p - 23503. What is z(52)?
1
Let b(f) = f**3 - 32*f**2 + 58*f - 255. Determine b(27).
-2334
Let n(r) = -143272*r - 1432714. Give n(-10).
6
Let m(u) = -u**3 - 65*u**2 + 118*u + 3409. Calculate m(-66).
-23
Let r(i) = -112567*i - 2251338. Determine r(-20).
2
Let y(u) = -3*u**2 - 442*u + 18221. Give y(34).
-275
Let n(i) = 720*i - 7846. Determine n(5).
-4246
Let p(n) = 67*n**2 + 956*n + 2878. Determine p(-3).
613
Let q(g) = 25768*g + 231911. Determine q(-9).
-1
Let f(g) = -2446*g - 129572. What is f(-53)?
66
Let r(o) = -13*o - 537. What is r(6)?
-615
Let d(z) = 23*z**3 - z**2 + 693*z - 694. Determine d(1).
21
Let c(b) = 3*b**2 + 1256*b + 68892. Determine c(-354).
216
Let c(r) = 2*r**3 - 30*r**2 + 243*r - 4424. Calculate c(16).
-24
Let p(y) = 3*y**3 + 31*y**2 + 127*y + 373. Determine p(-10).
-797
Let w(l) = 17644*l + 194572. Calculate w(-11).
488
Let u(x) = -762409*x - 3812049. Calculate u(-5).
-4
Let m(d) = d**3 + 33*d**2 - 167*d - 1947. Determine m(-11).
2552
Let s(z) = z**3 - 5*z**2 + 17*z + 101. What is s(10)?
771
Let x(n) = -4*n**3 - 200*n**2 - 1337*n + 284. What is x(-42)?
-10
Let u(t) = -2*t**2 + 794*t - 9165. Calculate u(12).
75
Let a(u) = -u**3 + 192*u**2 + 1811*u - 540. What is a(201)?
-138
Let v(b) = b**3 + 8*b**2 + 472*b + 1389. What is v(-3)?
18
Let r(b) = -103411*b + 3205762. Calculate r(31).
21
Let y(i) = -562*i**3 - i**2 + i + 1. Determine y(-1).
561
Let t(f) = 2*f**3 + 32*f**2 - 216*f + 136. Give t(-20).
1256
Let p(f) = -7*f**2 - 1883*f + 442. Calculate p(-269).
442
Let q(m) = 2*m**3 + 138*m**2 + 625*m - 54. Determine q(-5).
21
Let b(r) = -3*r**2 + 59*r + 218. What is b(21)?
134
Let s(i) = i**3 + 8*i**2 - 46*i - 168. Determine s(-3).
15
Let g(m) = 4*m**2 - 1902*m - 57544. Calculate g(504).
-88
Let n(w) = w**3 + 26*w**2 + 24*w - 259. Give n(-26).
-883
Let b(i) = 29*i**3 - 159*i**2 - 123*i + 203. What is b(6)?
5
Let x(n) = n**3 + 19*n**2 - 512*n + 15988. What is x(-41)?
-2
Let h(d) = -5*d**2 + 1298*d - 38880. What is h(225)?
45
Let r(n) = 24*n**2 - 5659*n + 10062. Give r(234).
0
Let y(i) = 32*i**2 + 9713*i + 164460. Determine y(-18).
-6
Let w(q) = 6*q**3 + 10*q**2 + 141*q - 778. Give w(5).
927
Let x(v) = -48*v - 190. What is x(22)?
-1246
Let f(j) = -7*j**2 + 184*j - 8. Determine f(2).
332
Let k(w) = -509*w**2 + 5. Calculate k(1).
-504
Let y(k) = 84*k**2 - 63*k - 17. What is y(-2)?
445
Let x(a) = 1778*a - 488964. Determine x(275).
-14
Let y(m) = -27628*m + 26831. Give y(1).
-797
Let o(p) = 148688*p - 743433. What is o(5)?
7
Let a(x) = 106*x**2 + 15684*x - 583. What is a(-148)?
9
Let n(h) = 12433*h + 36913. Calculate n(-3).
-386
Let z(t) = 21*t**2 - 134*t + 1043. What is z(10)?
1803
Let j(a) = -4*a**2 + 47*a + 545. Calculate j(6).
683
Let l(a) = 5*a**3 + 478*a**2 + 760*a + 758. Calculate l(-94).
6
Let f(o) = -o**2 + 6700*o + 804519. Determine f(-118).
-5
Let u(j) = 39*j**2 + 3087*j + 478. Give u(-79).
4
Let u(w) = 76*w - 8674. Determine u(116).
142
Let v(t) = 1070*t - 17541. Calculate